16).
8
Let u(r) = 2*r**3 + 1841*r**2 + 915*r - 4607. What is u(-920)?
-7
Let n(c) = 5579*c**2 - 1076746*c - 198. Determine n(193).
-5
Let h(j) = -901*j + 455905. Give h(506).
-1
Let n(j) = j**3 - 29*j**2 - 476*j - 8084. What is n(44)?
12
Let a(u) = 52*u**3 + 4*u**2 - 1039*u + 3117. Give a(3).
1440
Let h(i) = -3*i**3 + 83*i**2 - 4494*i + 113464. Calculate h(26).
0
Let u(m) = m**3 + 600*m**2 + 74373*m - 851. What is u(-425)?
-1
Let p(j) = -22*j**3 - 18*j**2 + 403*j + 2722. Determine p(-7).
6565
Let q(t) = -6088*t**2 + 536*t + 534. What is q(-1)?
-6090
Let t(v) = -2*v**2 - 161*v - 3746. Calculate t(-43).
-521
Let r(i) = 4*i**2 - 165*i - 2808. Determine r(-15).
567
Let f(b) = -7020*b + 175500. What is f(25)?
0
Let k(t) = 24189*t - 459594. Calculate k(19).
-3
Let f(g) = -32*g**2 + 205*g + 773. What is f(-4)?
-559
Let g(f) = -69*f**3 + f**2 + 19*f - 21. Give g(1).
-70
Let u(f) = -26318*f + 684239. Calculate u(26).
-29
Let d(x) = -x**3 - 65*x**2 + 326*x - 1563. Determine d(-70).
117
Let c(g) = 15*g**2 + 188*g - 553. Calculate c(-16).
279
Let s(a) = -733*a + 342308. What is s(467)?
-3
Let n(m) = -8*m**3 + 2207*m**2 + 232*m + 12163. Calculate n(276).
19
Let q(d) = -42729*d + 854551. What is q(20)?
-29
Let w(u) = 7*u**2 - 1767*u + 32537. Give w(20).
-3
Let v(s) = 11*s**2 + 265*s - 32975. What is v(44)?
-19
Let p(z) = z**2 - 308*z + 17932. Give p(78).
-8
Let s(k) = -k**2 - 156*k - 3072. Give s(-133).
-13
Let a(h) = 5*h**2 + 87*h - 1748. Give a(14).
450
Let b(y) = -y**3 - 3*y**2 - 105*y - 797. Determine b(-7).
134
Let b(x) = 68388*x + 53616190. Determine b(-784).
-2
Let r(d) = -d**3 + 4*d**2 + 278*d + 127. What is r(19)?
-6
Let q(v) = 4*v**3 - 6*v**2 - 358*v + 729. What is q(2)?
21
Let b(j) = -1914*j - 101442. Determine b(-53).
0
Let i(a) = -2*a**2 - 182*a - 3779. Give i(-71).
-939
Let o(n) = -1599*n - 28754. Give o(-18).
28
Let u(m) = -5*m - 1513. Give u(-279).
-118
Let z(o) = -27570*o - 220548. What is z(-8)?
12
Let o(d) = -2543*d**2 + 33048*d + 15. Give o(13).
-128
Let b(r) = 287*r**3 - 58*r + 108. Give b(2).
2288
Let m(v) = 7282*v + 70275. Give m(-10).
-2545
Let h(s) = -176*s - 50367. Calculate h(-286).
-31
Let c(j) = -4331*j - 8676. What is c(-2)?
-14
Let p(k) = 5*k**2 - 245*k + 2261. Determine p(10).
311
Let s(t) = t**3 + 23*t**2 - 76*t - 2861. Determine s(-19).
27
Let n(o) = -o**3 + 103*o**2 - 82*o + 19249. Determine n(104).
-95
Let d(a) = -153*a + 10538. Determine d(50).
2888
Let g(q) = -127*q**2 + 3164*q - 3165. Give g(1).
-128
Let o(z) = -311151*z - 310935. Give o(-1).
216
Let b(s) = 6*s**2 - 569*s - 18701. Give b(-26).
149
Let u(j) = 159*j**2 + 5*j + 1144. Calculate u(0).
1144
Let z(n) = 2*n**3 + 224*n**2 - 659*n - 73851. What is z(-112)?
-43
Let m(b) = 2*b**2 - 600*b - 136177. Determine m(-151).
25
Let s(l) = l**3 - 700*l**2 - 37481*l + 95. Calculate s(-50).
-855
Let a(l) = -8834*l - 8503. Give a(-1).
331
Let g(a) = -26*a**3 - 3563*a**2 - 229*a - 12598. Determine g(-137).
6
Let o(j) = -34395*j - 171970. Calculate o(-5).
5
Let v(c) = -10*c**3 - 9*c**2 - 3*c - 11. What is v(-5)?
1029
Let g(y) = -1125*y - 45010. What is g(-40)?
-10
Let m(c) = -539*c - 18889. Determine m(-36).
515
Let l(y) = -1729*y + 845446. Give l(489).
-35
Let k(u) = 2*u**3 - 558*u**2 - 3416*u - 1295. Give k(285).
-155
Let j(m) = -11179*m + 101427. Calculate j(9).
816
Let t(g) = -6223*g + 728097. Give t(117).
6
Let d(f) = 144*f**2 - 2731*f - 84. Determine d(19).
11
Let i(d) = -2*d**2 + 70*d + 6856. What is i(79)?
-96
Let s(n) = 38*n**2 + 75595*n - 49751. Give s(-1990).
-1
Let j(u) = 584*u + 19470. What is j(-27)?
3702
Let l(y) = -24*y**2 - 553*y + 5041. Determine l(7).
-6
Let t(u) = 76*u**3 + 4*u**2 + 136*u - 139. What is t(1)?
77
Let t(v) = 160*v + 644. Give t(-3).
164
Let i(z) = 213*z**2 + 2218*z + 2221. Determine i(-1).
216
Let y(i) = 683*i - 360604. What is y(528)?
20
Let k(t) = -814679*t + 10590802. What is k(13)?
-25
Let j(t) = -2*t**3 - 20*t**2 + 6*t - 49. Calculate j(-11).
127
Let j(p) = p**3 - 44*p**2 + 196*p - 8590. Determine j(44).
34
Let c(k) = -101243*k + 2126105. Give c(21).
2
Let d(y) = y**3 - y**2 - 1007*y + 7599. Give d(8).
-9
Let j(w) = 42*w**3 - 277*w**2 - 169*w + 24. Determine j(7).
-326
Let w(g) = -112*g**2 + 71*g - 228. Calculate w(0).
-228
Let m(l) = l**3 + 693*l**2 + 3420*l - 13759. Determine m(-688).
1
Let b(r) = -39*r**2 - 19648*r + 23745. What is b(-505)?
10
Let s(o) = 73321*o + 439870. Calculate s(-6).
-56
Let h(u) = -5*u**2 + 694*u + 3517. What is h(-5)?
-78
Let l(c) = -2396*c - 301873. Calculate l(-126).
23
Let j(v) = -v**2 + 263*v + 64776. Determine j(418).
-14
Let h(i) = 12*i**3 - 1506*i**2 + 2234*i - 308. What is h(124)?
-60
Let j(d) = -10351*d + 217677. Determine j(21).
306
Let s(l) = 89*l + 2059. Determine s(-37).
-1234
Let d(m) = 2*m**2 + 36*m - 814. What is d(-32)?
82
Let j(m) = 3*m**2 - 878*m - 7111. Determine j(-8).
105
Let c(i) = -i**2 - 1811*i + 165134. Determine c(-1898).
8
Let l(f) = -47*f + 12874. Determine l(245).
1359
Let b(o) = -900*o - 166. Calculate b(0).
-166
Let u(t) = 407*t - 1014. What is u(4)?
614
Let q(g) = 2920*g + 29122. Give q(-10).
-78
Let w(x) = 3*x**3 - 46*x**2 - 36*x - 42. What is w(16)?
-106
Let u(d) = -2349*d - 1474. What is u(-1)?
875
Let m(s) = 76*s**2 + 47*s + 1. Give m(3).
826
Let x(f) = -2*f**2 - 14273*f - 114057. Calculate x(-8).
-1
Let c(b) = -24*b**3 + 404*b**2 + 71*b + 36. What is c(17)?
87
Let n(w) = -w**3 + 2*w**2 + 110*w - 276. What is n(13)?
-705
Let f(w) = 52557*w - 52554. Determine f(1).
3
Let h(g) = -2*g**3 - 1029*g**2 + 3105*g + 10. Give h(3).
10
Let v(i) = -i**3 - 148*i**2 + 455*i + 220. Calculate v(-151).
-82
Let l(o) = -90*o - 389. Calculate l(-12).
691
Let i(a) = 9*a**3 - 5*a**2 - 17*a - 10. What is i(3)?
137
Let d(l) = -4*l**2 + 368*l - 7172. What is d(28)?
-4
Let u(v) = 24639*v + 6381556. Give u(-259).
55
Let d(x) = 3*x**3 + 348*x**2 + 354*x + 1119. Determine d(-115).
84
Let a(j) = j**2 + 547083*j - 3282520. Give a(6).
14
Let i(f) = 24315*f - 267810. Calculate i(11).
-345
Let t(f) = -2*f**3 - 38*f**2 - 344*f - 3972. Give t(-16).
-4
Let t(o) = 110968*o + 776792. What is t(-7)?
16
Let m(k) = k**3 + k**2 + 1439*k - 4348. Calculate m(3).
5
Let j(d) = d**2 - 78*d + 745. Give j(96).
2473
Let n(k) = -601*k**2 - 33654*k + 113. Determine n(-56).
1
Let a(b) = -86302*b + 2675373. Determine a(31).
11
Let z(u) = -2*u**3 - 1453*u**2 + 3039*u - 254. Determine z(2).
-4
Let n(c) = -253*c - 5840. Give n(-23).
-21
Let q(w) = 30*w - 2164. Calculate q(72).
-4
Let d(s) = -2*s**3 + 12*s**2 + s + 48. Calculate d(12).
-1668
Let d(o) = o**3 + 754*o**2 + 10348*o + 23. What is d(-14)?
191
Let g(u) = -1490*u - 31132. Determine g(-21).
158
Let c(w) = 13178*w - 342435. Give c(26).
193
Let x(a) = a**2 + 4121*a - 3496644. Give x(722).
2
Let d(g) = g**3 - 96*g**2 - 660*g - 25. What is d(-6)?
263
Let g(x) = 3*x**3 + 1076*x**2 + 15137*x + 313. Give g(-344).
-31
Let g(r) = -12*r**3 + 3106*r**2 + 521*r - 585. Calculate g(259).
192
Let x(k) = -31*k**2 + 717*k - 2868. What is x(5)?
-58
Let o(q) = -50937*q + 306562. Determine o(6).
940
Let m(r) = r**3 - 6*r**2 + 385*r + 112. Determine m(0).
112
Let c(m) = m**2 + 1654*m + 460193. Determine c(-354).
-7
Let n(k) = k**3 - 32*k**2 - 49*k + 1231. What is n(8)?
-697
Let y(b) = -30682*b + 97568755. Determine y(3180).
-5
Let r(q) = -1873*q + 24625. Give r(13).
276
Let n(z) = -7*z**2 + 988*z - 26403. Give n(36).
93
Let y(x) = x**3 - 7*x**2 + 1608*x - 7980. Calculate y(5).
10
Let y(g) = g**3 + 61*g**2 - 9*g - 337. What is y(-61)?
212
Let t(x) = x**3 + 235*x**2 - 257*x - 4336. Give t(-236).
620
Let a(q) = -q**3 - 37*q**2 - 164*q - 147. Determine a(-32).
-19
Let u(p) = p**3 + 53*p**2 - 853*p + 44. Give u(-66).
-286
Let p(w) = -173050*w - 1557456. What is p(-9)?
-6
Let j(p) = -2*p**3 - 442*p**2 - 1485*p - 38588. Calculate j(-218).
-2
Let p(b) = -3947*b**2 + 327602*b - 74. Determine p(83).
9
Let n(i) = 337099*i - 6741996. Calculate n(20).
-16
Let s(d) = 64*d**2 - 12807*d + 1406. Calculate s(200).
6
Let i(b) = 2*b**3 + 31*b**2 - 738*b - 2709. What is i(15)?
-54
Let h(f) = -57*f**3 + 3194*f**2 - 114*f + 13. Calculate h(56).
-99
Let v(d) = 4*d**2 + 230*d - 30732. Give v(-121).
2
Let m(y) = 3*y**2 + 12*y - 2686. What is m(45)?
3929
Let t(z) = -28304*z - 1641635. Calculate t(-58).
-3
Let k(a) = -3